rime factors of 440028.
2, 3, 17, 719
List the prime factors of 493005.
3, 5, 23, 1429
What are the prime factors of 3336096?
2, 3, 19, 31, 59
What are the prime factors of 1866658?
2, 933329
List the prime factors of 1268660.
2, 5, 229, 277
List the prime factors of 667771.
13, 31, 1657
What are the prime factors of 112188?
2, 3, 9349
What are the prime factors of 2873331?
3, 319259
List the prime factors of 1248329.
1248329
What are the prime factors of 10965564?
2, 3, 101533
List the prime factors of 15756.
2, 3, 13, 101
List the prime factors of 4666407.
3, 1555469
List the prime factors of 5937768.
2, 3, 82469
What are the prime factors of 112417?
79, 1423
What are the prime factors of 2451737?
83, 109, 271
List the prime factors of 3212775.
3, 5, 109, 131
What are the prime factors of 18750926?
2, 73, 128431
What are the prime factors of 2398836?
2, 3, 11, 17, 1069
What are the prime factors of 732559?
89, 8231
List the prime factors of 3288901.
7, 11, 353
List the prime factors of 264836.
2, 11, 13, 463
What are the prime factors of 93792?
2, 3, 977
What are the prime factors of 3801414?
2, 3, 633569
What are the prime factors of 5155491?
3, 11, 156227
List the prime factors of 5826458.
2, 11, 264839
What are the prime factors of 14035989?
3, 11, 425333
What are the prime factors of 321349?
7, 29, 1583
What are the prime factors of 202374?
2, 3, 11243
List the prime factors of 365448.
2, 3, 15227
What are the prime factors of 337764?
2, 3, 7, 4021
List the prime factors of 7059761.
7059761
List the prime factors of 1535148.
2, 3, 42643
List the prime factors of 3292528.
2, 205783
List the prime factors of 4394810.
2, 5, 7, 8969
What are the prime factors of 125996?
2, 13, 2423
List the prime factors of 598861.
19, 43, 733
List the prime factors of 63173.
11, 5743
List the prime factors of 248011.
37, 6703
List the prime factors of 111574.
2, 55787
List the prime factors of 1154865.
3, 5, 76991
What are the prime factors of 142265?
5, 37, 769
List the prime factors of 1858353.
3, 7, 88493
What are the prime factors of 3339744?
2, 3, 19, 1831
What are the prime factors of 6712502?
2, 673, 4987
List the prime factors of 1756853.
7, 250979
List the prime factors of 502030.
2, 5, 61, 823
List the prime factors of 5004628.
2, 1251157
List the prime factors of 444250.
2, 5, 1777
What are the prime factors of 7627477?
11, 13, 373
List the prime factors of 55011.
3, 11, 1667
What are the prime factors of 6305948?
2, 11, 19, 397
List the prime factors of 4310686.
2, 131, 16453
What are the prime factors of 297271?
13, 1759
List the prime factors of 421241.
421241
What are the prime factors of 15620985?
3, 5, 251, 461
List the prime factors of 52678.
2, 26339
What are the prime factors of 2171369?
1301, 1669
List the prime factors of 781790.
2, 5, 78179
What are the prime factors of 434273?
7, 62039
What are the prime factors of 49414?
2, 31, 797
List the prime factors of 1209133.
23, 52571
List the prime factors of 2817567.
3, 19, 16477
List the prime factors of 1354702.
2, 97, 6983
What are the prime factors of 173973?
3, 57991
What are the prime factors of 4731833?
4731833
What are the prime factors of 575578?
2, 287789
What are the prime factors of 1994981?
19, 104999
List the prime factors of 1810760.
2, 5, 7, 29, 223
List the prime factors of 45364.
2, 11, 1031
What are the prime factors of 743322?
2, 3, 123887
List the prime factors of 582587.
582587
List the prime factors of 541838.
2, 11, 2239
List the prime factors of 255040.
2, 5, 797
What are the prime factors of 12454541?
11, 499, 2269
What are the prime factors of 1519314?
2, 3, 181, 1399
List the prime factors of 934046.
2, 43, 10861
What are the prime factors of 9067108?
2, 2266777
List the prime factors of 4252422.
2, 3, 83, 8539
What are the prime factors of 97174?
2, 7, 11, 631
List the prime factors of 434721.
3, 7, 127, 163
List the prime factors of 17126024.
2, 2140753
List the prime factors of 502723.
13, 38671
List the prime factors of 2927313.
3, 181, 599
List the prime factors of 2805506.
2, 11, 11593
What are the prime factors of 312922?
2, 97, 1613
List the prime factors of 195828.
2, 3, 16319
List the prime factors of 386194.
2, 19, 10163
What are the prime factors of 484531?
484531
List the prime factors of 3761662.
2, 1880831
List the prime factors of 315213.
3, 105071
What are the prime factors of 25370137?
13, 17, 114797
What are the prime factors of 194188?
2, 43, 1129
List the prime factors of 3989599.
37, 107827
What are the prime factors of 2574441?
3, 286049
What are the prime factors of 4019483?
13, 233, 1327
List the prime factors of 210425.
5, 19, 443
What are the prime factors of 244046?
2, 11, 11093
What are the prime factors of 4120572?
2, 3, 343381
List the prime factors of 11185707.
3, 13, 286813
List the prime factors of 5758867.
5758867
List the prime factors of 22473.
3, 11, 227
What are the prime factors of 167408?
2, 10463
List the prime factors of 4881660.
2, 3, 5, 7, 59, 197
What are the prime factors of 2323762?
2, 7, 165983
List the prime factors of 63238.
2, 7, 4517
List the prime factors of 49159.
11, 41, 109
List the prime factors of 557716.
2, 139429
What are the prime factors of 14419640?
2, 5, 37, 9743
What are the prime factors of 285148?
2, 71287
What are the prime factors of 383269?
487, 787
List the prime factors of 1032664.
2, 129083
List the prime factors of 14452091.
17, 239, 3557
List the prime factors of 4556451.
3, 29, 83, 631
What are the prime factors of 161874?
2, 3, 17, 23
What are the prime factors of 31348704?
2, 3, 326549
List the prime factors of 547564.
2, 367, 373
List the prime factors of 1659289.
19, 23, 3797
What are the prime factors of 103848?
2, 3, 4327
List the prime factors of 1132963.
13, 87151
List the prime factors of 38479.
7, 23, 239
What are the prime factors of 4462516?
2, 61, 18289
List the prime factors of 222307.
131, 1697
List the prime factors of 1365651.
3, 7, 53, 409
List the prime factors of 364125.
3, 5, 971
List the prime factors of 66629.
66629
List the prime factors of 1126153.
7, 160879
List the prime factors of 8449717.
23, 15973
What are the prime factors of 70981?
70981
List the prime factors of 103626.
2, 3, 19, 101
List the prime factors of 145033.
7, 20719
List the prime factors of 181153.
7, 3697
What are the prime factors of 1579794?
2, 3, 251, 1049
List the prime factors of 9402737.
9402737
What are the prime factors of 104282?
2, 23, 2267
What are the prime factors of 685097?
7, 97871
List the prime factors of 70999.
70999
List the prime factors of 66319.
11, 6029
What are the prime factors of 397482?
2, 3, 31, 2137
List the prime factors of 835429.
7, 23, 5189
What are the prime factors of 274882?
2, 167, 823
List the prime factors of 1433134.
2, 17, 61, 691
What are the prime factors of 1168023?
3, 59, 6599
List the prime factors of 5021808.
2, 3, 11, 9511
What are the prime factors of 232533?
3, 7, 3691
List the prime factors of 273346.
2, 97, 1409
List the prime factors of 2992339.
7, 427477
What are the prime factors of 18693228?
2, 3, 1557769
List the prime factors of 450006.
2, 3, 179, 419
What are the prime factors of 4003076?
2, 7, 11, 41, 317
What are the prime factors of 47097?
3, 5233
List the prime factors of 8163327.
3, 2721109
List the prime factors of 1127726.
2, 19, 59, 503
What are the prime factors of 745381?
7, 13, 8191
List the prime factors of 814513.
7, 116359
List the prime factors of 193677.
3, 11, 5869
What are the prime factors of 14730145?
5, 2946029
What are the prime factors of 219227?
41, 5347
List the prime factors of 22231374.
2, 3, 11, 167, 2017
What are the prime factors of 27335088?
2, 3, 11, 17257
What are the prime factors of 2813586?
2, 3, 283, 1657
What are the prime factors of 959088?
2, 3, 13, 29, 53
List the prime factors of 3052752.
2, 3, 63599
List the prime factors of 9958957.
17, 37, 71, 223
List the prime factors of 952487.
952487
List the prime factors of 3525360.
2, 3, 5, 37, 397
What are the prime factors of 259720?
2, 5, 43, 151
What are the prime factors of 258139?
7, 36877
What are the prime factors of 2056087?
11, 186917
List the prime factors of 167736.
2, 3, 29, 241
What are the prime factors of 95925?
3, 5, 1279
List t